 by 27.
13
Calculate the remainder when 925225 is divided by 26432.
105
What is the remainder when 1377557 is divided by 40?
37
Calculate the remainder when 965272 is divided by 70.
42
What is the remainder when 1986311 is divided by 113?
110
Calculate the remainder when 379615281 is divided by 346.
343
Calculate the remainder when 158268 is divided by 79049.
170
Calculate the remainder when 540288 is divided by 18.
0
Calculate the remainder when 120284 is divided by 738.
728
Calculate the remainder when 47713 is divided by 47096.
617
What is the remainder when 383661 is divided by 9329?
1172
Calculate the remainder when 35216455 is divided by 14.
1
Calculate the remainder when 1648678 is divided by 12.
10
Calculate the remainder when 2185114 is divided by 23001.
19
Calculate the remainder when 3691095 is divided by 8.
7
What is the remainder when 296902 is divided by 59378?
12
Calculate the remainder when 415916 is divided by 4987.
1995
What is the remainder when 142918 is divided by 821?
64
What is the remainder when 172928 is divided by 76?
28
What is the remainder when 8167695 is divided by 693?
690
Calculate the remainder when 2602876 is divided by 32.
28
What is the remainder when 5235155 is divided by 275531?
66
What is the remainder when 50151 is divided by 1417?
556
What is the remainder when 8313275 is divided by 593804?
19
What is the remainder when 184483 is divided by 36661?
1178
What is the remainder when 26297791 is divided by 848315?
26
Calculate the remainder when 3456193 is divided by 164579.
34
What is the remainder when 26108 is divided by 801?
476
What is the remainder when 7113 is divided by 718?
651
What is the remainder when 1429162 is divided by 357269?
86
What is the remainder when 7725693 is divided by 1298?
1295
What is the remainder when 2857543 is divided by 40?
23
Calculate the remainder when 7249059 is divided by 980.
979
What is the remainder when 8446929 is divided by 17972?
89
What is the remainder when 10688522 is divided by 55?
42
What is the remainder when 1425491 is divided by 57018?
41
What is the remainder when 15982 is divided by 14115?
1867
What is the remainder when 363974 is divided by 361?
86
What is the remainder when 943357 is divided by 314038?
1243
What is the remainder when 21918482 is divided by 5479610?
42
Calculate the remainder when 36533452 is divided by 127.
124
Calculate the remainder when 85669811 is divided by 27.
26
Calculate the remainder when 254967 is divided by 77.
20
Calculate the remainder when 5033403 is divided by 302.
271
What is the remainder when 10705995 is divided by 41?
34
Calculate the remainder when 775147 is divided by 387352.
443
Calculate the remainder when 308405 is divided by 2881.
138
What is the remainder when 166022 is divided by 165753?
269
What is the remainder when 19909 is divided by 6272?
1093
What is the remainder when 920379 is divided by 34?
33
What is the remainder when 379425 is divided by 378750?
675
Calculate the remainder when 16312046 is divided by 842.
822
Calculate the remainder when 2172436 is divided by 2235.
16
What is the remainder when 387731 is divided by 1342?
1235
Calculate the remainder when 2619351 is divided by 41.
25
What is the remainder when 51645 is divided by 98?
97
What is the remainder when 2579092 is divided by 859692?
16
Calculate the remainder when 16801346 is divided by 303.
299
Calculate the remainder when 410884 is divided by 37326.
298
What is the remainder when 479636 is divided by 416?
404
What is the remainder when 67744 is divided by 8288?
1440
What is the remainder when 26776198 is divided by 75?
73
Calculate the remainder when 647444 is divided by 92257.
1645
Calculate the remainder when 16034 is divided by 107.
91
Calculate the remainder when 39866365 is divided by 1172540.
5
What is the remainder when 764296 is divided by 877?
429
What is the remainder when 699361 is divided by 3136?
33
What is the remainder when 75851825 is divided by 261558?
5
Calculate the remainder when 169102 is divided by 742.
668
Calculate the remainder when 904586 is divided by 519.
488
Calculate the remainder when 55496 is divided by 55405.
91
Calculate the remainder when 419713 is divided by 186.
97
Calculate the remainder when 46270 is divided by 3062.
340
Calculate the remainder when 846718 is divided by 9621.
70
What is the remainder when 870081 is divided by 77?
58
Calculate the remainder when 785479 is divided by 676.
643
What is the remainder when 128466 is divided by 63569?
1328
What is the remainder when 77614 is divided by 427?
327
Calculate the remainder when 5182890 is divided by 929.
928
What is the remainder when 1129985 is divided by 45191?
210
What is the remainder when 636553 is divided by 212143?
124
What is the remainder when 3334120 is divided by 955?
215
Calculate the remainder when 385047 is divided by 16.
7
What is the remainder when 1829184 is divided by 152425?
84
What is the remainder when 482625 is divided by 120558?
393
What is the remainder when 1407261 is divided by 610?
601
What is the remainder when 20186864 is divided by 3257?
3235
What is the remainder when 513491 is divided by 51288?
611
What is the remainder when 11081 is divided by 4922?
1237
What is the remainder when 2895883 is divided by 16?
11
What is the remainder when 64842 is divided by 716?
402
Calculate the remainder when 31966661 is divided by 873.
20
What is the remainder when 1418388 is divided by 157597?
15
What is the remainder when 2328993 is divided by 123?
111
What is the remainder when 16009794 is divided by 2726?
2722
Calculate the remainder when 9531801 is divided by 43.
34
What is the remainder when 22594047 is divided by 33622?
63
What is the remainder when 537435 is divided by 267?
231
Calculate the remainder when 2668662 is divided by 533729.
17
What is the remainder when 71272 is divided by 2719?
578
What is the remainder when 1236755 is divided by 176?
3
What is the remainder when 998572 is divided by 2805?
2797
Calculate the remainder when 1008990 is divided by 315.
45
Calculate the remainder when 580522 is divided by 193506.
4
Calculate the remainder when 380629 is divided by 966.
25
Calculate the remainder when 2086949 is divided by 52153.
829
Calculate the remainder when 660139 is divided by 9.
7
What is the remainder when 16671710 is divided by 56900?
10
What is the remainder when 5523 is divided by 3151?
2372
Calculate the remainder when 61683 is divided by 51.
24
Calculate the remainder when 51189 is divided by 2218.
175
What is the remainder when 66953799 is divided by 2548?
3
What is the remainder when 182396075 is divided by 17?
15
What is the remainder when 7465203 is divided by 55?
53
Calculate the remainder when 3077720 is divided by 341967.
17
Calculate the remainder when 480100 is divided by 19204.
0
Calculate the remainder when 5325029 is divided by 19.
13
What is the remainder when 1693738 is divided by 1577?
40
What is the remainder when 101919 is divided by 3190?
3029
Calculate the remainder when 128405 is divided by 581.
4
Calculate the remainder when 2258224 is divided by 250913.
7
What is the remainder when 6628463 is divided by 255?
248
What is the remainder when 147178125 is divided by 54?
45
What is the remainder when 8506 is divided by 7853?
653
Calculate the remainder when 15107858 is divided by 44175.
8
Calculate the remainder when 63079 is divided by 31514.
51
What is the remainder when 2177567 is divided by 2177543?
24
What is the remainder when 740088 is divided by 1670?
278
What is the remainder when 439779 is divided by 1133?
175
What is the remainder when 5678065 is divided by 705?
700
What is the remainder when 127591 is divided by 258?
139
What is the remainder when 66333 is divided by 1041?
750
What is the remainder when 81313489 is divided by 375?
364
What is the remainder when 13228576 is divided by 3756?
3700
What is the remainder when 19052773 is divided by 164248?
5
What is the remainder when 1496575 is divided by 498857?
4
What is the remainder when 1017261 is divided by 1597?
1569
What is the remainder when 1093401 is divided by 174?
159
Calculate the remainder when 6649234 is divided by 7165.
114
What is the remainder when 182974 is divided by 15228?
238
What is the remainder